 thousands digit of 12958?
1
What is the ten thousands digit of 55379?
5
What is the tens digit of 93979?
7
What is the hundreds digit of 7465?
4
What is the units digit of 780?
0
What is the thousands digit of 4581?
4
What is the thousands digit of 5536?
5
What is the thousands digit of 44830?
4
What is the hundreds digit of 23573?
5
What is the ten thousands digit of 11775?
1
What is the hundreds digit of 465?
4
What is the thousands digit of 1059?
1
What is the units digit of 1431?
1
What is the thousands digit of 4308?
4
What is the hundreds digit of 16117?
1
What is the thousands digit of 3556?
3
What is the units digit of 9191?
1
What is the units digit of 930?
0
What is the hundreds digit of 4978?
9
What is the units digit of 69911?
1
What is the ten thousands digit of 36676?
3
What is the tens digit of 3114?
1
What is the units digit of 81653?
3
What is the units digit of 4086?
6
What is the thousands digit of 11456?
1
What is the hundreds digit of 2920?
9
What is the tens digit of 5822?
2
What is the units digit of 502?
2
What is the units digit of 5982?
2
What is the tens digit of 84542?
4
What is the units digit of 19160?
0
What is the units digit of 3605?
5
What is the units digit of 858?
8
What is the tens digit of 13141?
4
What is the hundreds digit of 4763?
7
What is the hundreds digit of 81575?
5
What is the thousands digit of 15871?
5
What is the ten thousands digit of 17177?
1
What is the hundreds digit of 1835?
8
What is the ten thousands digit of 53905?
5
What is the tens digit of 25194?
9
What is the units digit of 865?
5
What is the tens digit of 343?
4
What is the tens digit of 652?
5
What is the units digit of 26958?
8
What is the units digit of 354?
4
What is the tens digit of 5716?
1
What is the tens digit of 13709?
0
What is the hundreds digit of 758?
7
What is the thousands digit of 89459?
9
What is the ten thousands digit of 16097?
1
What is the tens digit of 682?
8
What is the tens digit of 4842?
4
What is the tens digit of 1960?
6
What is the units digit of 3203?
3
What is the units digit of 3144?
4
What is the ten thousands digit of 17300?
1
What is the tens digit of 5440?
4
What is the units digit of 8070?
0
What is the hundreds digit of 24883?
8
What is the ten thousands digit of 63267?
6
What is the hundreds digit of 30448?
4
What is the ten thousands digit of 15200?
1
What is the tens digit of 1526?
2
What is the hundreds digit of 441?
4
What is the units digit of 47902?
2
What is the units digit of 974?
4
What is the thousands digit of 2033?
2
What is the thousands digit of 16759?
6
What is the tens digit of 265?
6
What is the tens digit of 15520?
2
What is the units digit of 855?
5
What is the hundreds digit of 6401?
4
What is the units digit of 18527?
7
What is the hundreds digit of 5443?
4
What is the hundreds digit of 595?
5
What is the tens digit of 115?
1
What is the tens digit of 699?
9
What is the tens digit of 11733?
3
What is the hundred thousands digit of 132921?
1
What is the units digit of 1314?
4
What is the thousands digit of 10771?
0
What is the units digit of 4125?
5
What is the tens digit of 994?
9
What is the hundred thousands digit of 104211?
1
What is the hundreds digit of 4184?
1
What is the tens digit of 4719?
1
What is the hundreds digit of 35562?
5
What is the units digit of 29348?
8
What is the thousands digit of 2241?
2
What is the tens digit of 59400?
0
What is the thousands digit of 98952?
8
What is the thousands digit of 6422?
6
What is the units digit of 41425?
5
What is the tens digit of 52618?
1
What is the thousands digit of 1083?
1
What is the units digit of 628?
8
What is the tens digit of 9802?
0
What is the thousands digit of 8881?
8
What is the tens digit of 6143?
4
What is the hundreds digit of 1197?
1
What is the thousands digit of 6758?
6
What is the ten thousands digit of 11059?
1
What is the hundreds digit of 2546?
5
What is the units digit of 1655?
5
What is the thousands digit of 61522?
1
What is the hundreds digit of 114816?
8
What is the hundreds digit of 60146?
1
What is the thousands digit of 5226?
5
What is the units digit of 6025?
5
What is the tens digit of 1768?
6
What is the thousands digit of 95720?
5
What is the units digit of 3036?
6
What is the hundreds digit of 451?
4
What is the hundreds digit of 1299?
2
What is the tens digit of 21027?
2
What is the hundreds digit of 67287?
2
What is the thousands digit of 29784?
9
What is the tens digit of 916?
1
What is the units digit of 599?
9
What is the tens digit of 884?
8
What is the thousands digit of 24558?
4
What is the hundreds digit of 109161?
1
What is the tens digit of 32784?
8
What is the units digit of 41357?
7
What is the ten thousands digit of 14684?
1
What is the tens digit of 43595?
9
What is the units digit of 1474?
4
What is the ten thousands digit of 54547?
5
What is the ten thousands digit of 155265?
5
What is the thousands digit of 30363?
0
What is the tens digit of 6206?
0
What is the ten thousands digit of 45254?
4
What is the tens digit of 40092?
9
What is the thousands digit of 6189?
6
What is the thousands digit of 5488?
5
What is the thousands digit of 20563?
0
What is the units digit of 14965?
5
What is the units digit of 46959?
9
What is the hundreds digit of 2434?
4
What is the units digit of 279?
9
What is the thousands digit of 1350?
1
What is the thousands digit of 3104?
3
What is the units digit of 3962?
2
What is the hundreds digit of 36568?
5
What is the thousands digit of 10411?
0
What is the units digit of 363?
3
What is the thousands digit of 8554?
8
What is the units digit of 1218?
8
What is the tens digit of 24237?
3
What is the thousands digit of 108096?
8
What is the hundreds digit of 2713?
7
What is the thousands digit of 1681?
1
What is the hundreds digit of 66322?
3
What is the units digit of 304?
4
What is the thousands digit of 70938?
0
What is the tens digit of 71895?
9
What is the hundreds digit of 26593?
5
What is the units digit of 806?
6
What is the tens digit of 530?
3
What is the tens digit of 12263?
6
What is the hundreds digit of 3862?
8
What is the tens digit of 1463?
6
What is the thousands digit of 64539?
4
What is the hundreds digit of 20061?
0
What is the hundreds digit of 19721?
7
What is the thousands digit of 10596?
0
What is the tens digit of 966?
6
What is the ten thousands digit of 12441?
1
What is the units digit of 21645?
5
What is the thousands digit of 6332?
6
What is the hundreds digit of 519?
5
What is the thousands digit of 3283?
3
What is the ten thousands digit of 14452?
1
What is the thousands digit of 1737?
1
What is the hundreds digit of 3549?
5
What is the tens digit of 849?
4
What is the hundreds digit of 355?
3
What is the units digit of 7538?
8
What is the units digit of 23?
3
What is the thousands digit of 6575?
6
What is the thousands digit of 1723?
1
What is the units digit of 19946?
6
What is the hundreds digit of 105176?
1
What is the hundreds digit of 27136?
1
What is the units digit of 444?
4
What is the hundreds digit of 3342?
3
What is the units digit of 2639?
9
What is the tens digit of 2841?
4
What is the units digit of 4054?
4
What is the thousands digit of 42297?
2
What is the units digit of 200?
0
What is the tens digit of 880?
8
What is the tens digit of 2303?
0
What is the thousands digit of 33350?
3
What is the ten thousands digit of 82180?
8
What is the ten thousands digit of 25112?
2
What is the thousands digit of 1190?
1
What is the hundreds digit of 53512?
5
What is the units digit of 53563?
3
What is the tens digit of 173292?
9
What is the ten thousands digit of 19330?
1
What is the hundreds digit of 2098?
0
What is the units digit of 412?
2
What is the tens digit of 16280?
8
What is the hundreds digit of 804?
8
What is the thousands digit of 7417?
7
What is the tens digit of 17467?
6
What is the tens digit of 39139?
3
What is the thousands digit of 1526?
1
What is the tens digit of 38783?
8
What is the units digit of 7742?
2
What is the hundreds digit of 15005?
0
What is the hundreds digit of 11393?
3
What is the units digit of 5492?
2
What is the tens digit of 1184?
8
What is the thousands digit of 14978?
4
What is the units digit of 50417?
7
What is the tens digit of 2182?
8
What is the units dig